1 a composite number?
False
Is 70337 a prime number?
False
Is 14173 prime?
True
Is 844601 a composite number?
False
Is 70715 prime?
False
Is 13093 composite?
False
Is 2719 a prime number?
True
Is 160865 a composite number?
True
Is 148331 a prime number?
True
Is 432043 a composite number?
False
Is 6899 a prime number?
True
Is 4091 prime?
True
Is 32117 composite?
False
Is 5779 prime?
True
Is 72955 a composite number?
True
Is 60353 a composite number?
False
Is 85111 a composite number?
True
Is 61837 a prime number?
True
Is 14173 a composite number?
False
Is 803615 a prime number?
False
Is 217057 a prime number?
True
Is 100277 a composite number?
True
Is 163109 a composite number?
False
Is 183871 prime?
True
Is 1213 a composite number?
False
Is 760063 composite?
False
Is 4393 a prime number?
False
Is 4385 prime?
False
Is 13045 composite?
True
Is 20563 prime?
True
Is 15259 a prime number?
True
Is 23981 composite?
False
Is 506741 a composite number?
True
Is 116861 a prime number?
False
Is 9647 a prime number?
False
Is 173174 composite?
True
Is 464983 composite?
False
Is 6179 composite?
True
Is 56371 composite?
True
Is 30757 a composite number?
False
Is 620123 a composite number?
True
Is 314723 composite?
False
Is 315613 composite?
False
Is 412537 prime?
True
Is 484951 a prime number?
True
Is 549781 composite?
True
Is 46091 composite?
False
Is 287171 a composite number?
True
Is 68189 a prime number?
False
Is 133583 a composite number?
False
Is 112891 a prime number?
False
Is 1071851 a composite number?
True
Is 131 a composite number?
False
Is 25663 a composite number?
True
Is 248741 a composite number?
True
Is 60985 a prime number?
False
Is 42281 a prime number?
True
Is 82913 a composite number?
False
Is 1361 prime?
True
Is 116507 a prime number?
True
Is 9227 a composite number?
False
Is 41423 composite?
True
Is 32107 prime?
False
Is 96199 prime?
True
Is 65597 a composite number?
True
Is 16087 prime?
True
Is 327 a prime number?
False
Is 18811 a composite number?
True
Is 10687 a prime number?
True
Is 2353 a composite number?
True
Is 16489 prime?
False
Is 151121 prime?
True
Is 108233 composite?
False
Is 4187 a composite number?
True
Is 978049 a composite number?
False
Is 23251 prime?
True
Is 71287 a composite number?
False
Is 90677 a prime number?
True
Is 11911 a composite number?
True
Is 689807 a prime number?
True
Is 113429 a composite number?
True
Is 1709 a prime number?
True
Is 6537 prime?
False
Is 300145 composite?
True
Is 3372997 prime?
False
Is 2791463 composite?
False
Is 152597 a prime number?
True
Is 30773 a prime number?
True
Is 49081 composite?
False
Is 47189 prime?
True
Is 17279 prime?
False
Is 1751 a prime number?
False
Is 153849 prime?
False
Is 563809 composite?
False
Is 34841 prime?
True
Is 4049 a prime number?
True
Is 30869 a prime number?
True
Is 1931239 a prime number?
True
Is 8191 a prime number?
True
Is 54399 a composite number?
True
Is 33127 a prime number?
False
Is 15661 a composite number?
False
Is 4909 a prime number?
True
Is 23953 a prime number?
False
Is 397441 a composite number?
True
Is 35817 prime?
False
Is 1605677 prime?
True
Is 1213843 a composite number?
True
Is 4619 a composite number?
True
Is 285071 a prime number?
True
Is 11579 composite?
False
Is 5261 a prime number?
True
Is 6947 prime?
True
Is 1453597 a prime number?
True
Is 20386 a prime number?
False
Is 1043 prime?
False
Is 233 composite?
False
Is 473 a composite number?
True
Is 17623 a composite number?
False
Is 838247 composite?
False
Is 19841 a composite number?
False
Is 11801 a composite number?
False
Is 6385 composite?
True
Is 33445 a composite number?
True
Is 61301 a prime number?
False
Is 8287 a prime number?
True
Is 1865791 composite?
False
Is 31451 prime?
False
Is 11887 a composite number?
False
Is 30769 a prime number?
False
Is 29905 composite?
True
Is 432503 composite?
False
Is 50171 composite?
True
Is 12581 a prime number?
False
Is 6733 a composite number?
False
Is 28451 composite?
True
Is 209513 a prime number?
False
Is 302945 a composite number?
True
Is 8947 a prime number?
False
Is 168041 a prime number?
False
Is 3943 composite?
False
Is 15121 a prime number?
True
Is 9173 a prime number?
True
Is 8633 composite?
True
Is 24191 composite?
True
Is 272683 composite?
False
Is 10513 prime?
True
Is 319381 a composite number?
True
Is 10511 a prime number?
False
Is 99901 composite?
False
Is 12211 a prime number?
True
Is 10061 composite?
False
Is 862 a composite number?
True
Is 2816339 prime?
False
Is 247309 a prime number?
True
Is 112313 a composite number?
True
Is 255269 prime?
False
Is 5489 composite?
True
Is 9923 composite?
False
Is 27673 prime?
True
Is 4075817 a prime number?
True
Is 163973 a prime number?
True
Is 84202 composite?
True
Is 698111 prime?
True
Is 778469 prime?
True
Is 27233 a composite number?
True
Is 3039 prime?
False
Is 105997 prime?
True
Is 44809 composite?
False
Is 298 prime?
False
Is 13117 prime?
False
Is 1043 prime?
False
Is 16103 a prime number?
True
Is 56081 a prime number?
True
Is 1579003 a prime number?
False
Is 7039 a prime number?
True
Is 735649 prime?
True
Is 72395 a prime number?
False
Is 17657 a composite number?
False
Is 340103 prime?
True
Is 31881 a composite number?
True
Is 1157009 composite?
True
Is 9897 a composite number?
True
Is 187969 a composite number?
True
Is 184043 prime?
True
Is 112033 a composite number?
True
Is 92753 a composite number?
False
Is 29167 a prime number?
True
Is 175951 composite?
True
Is 177677 composite?
False
Is 1361 composite?
False
Is 261073 a composite number?
True
Is 488899 a prime number?
False
Is 3213761 a composite number?
True
Is 1198757 a composite number?
True
Is 59781 a composite number?
True
Is 746 a prime number?
False
Is 456293 a composite number?
False
Is 314881 prime?
False
Is 2521 a composite number?
False
Is 1769 a composite number?
True
Is 6401 a prime number?
False
Is 6469 a composite number?
False
Is 1209814 a composite number?
True
Is 57433 composite?
True
Is 2452831 a prime number?
True
Is 10299 a composite number?
True
Is 463157 a prime number?
True
Is 38587 prime?
False
Is 1049 a prime number?
True
Is 1049 composite?
False
Is 1691 composite?
True
Is 367649 a prime number?
True
Is 1709 a composite number?
False
Is 1543291 composite?
False
Is 5333 a composite number?
False
Is 1259 composite?
False
Is 59387 a composite number?
False
Is 4381 a prime number?
False
Is 6238 composite?
True
Is 13682 a prime number?
False
Is 18947 a prime number?
True
Is 6307941 a composite number?
True
Is 215089 a composite number?
True
Is 1739 a prime number?
False
Is 205201 composite?
False
Is 2833 prime?
True
Is 5791 composite?
False
Is 170141 a prime number?
True
Is 17455 prime?
False
Is 377957 a prime number?
False
Is 11789 composite?
False
Is 62165 composite?
True
Is 5839 a composite number?
False
Is 17769 prime?
False
Is 33161 a composite number?
False
Is 20681 a composite number?
False
Is 859487 prime?
False
Is 45739 a composite number?
True
Is 25693 composite?
False
Is 1537 a prime number?
False
Is 1848151 prime?
True
Is 8315 a composite number?
True
Is 340447 a prime number?
True
Is 427913 a prime number?
True
Is 2393 a composite number?
False
Is 51269 composite?
True
Is 117983 a prime number?
False
Is 336445 a composite number?
True
Is 19207 composite?
False
Is 10937 a composite number?
False
Is 4957 prime?
True
Is 820271 a prime number?
True
Is 2705 prime?
False
Is 614294 composite?
True
Is 70793 a prime number?
True
Is 830221 a composite number?
True
Is 703531 composite?
False
Is 27407 prime?
True
Is 196073 a prime number?
True
Is 336353 a prime number?
True
Is 6803 a prime number?
True
Is 34211 prime?
True
Is 275515 prime?
False
Is 355751 prime?
False
Is 437037 composite?
True
Is 32743 composite?
True
Is 348559 a composite number?
False
Is 239383 a composite number?
False
Is 128147 a prime number?
True
Is 41333 composite?
False
Is 12893 a prime number?
True
Is 366419 composite?
False
Is 5141 prime?
False
Is 13027 composite?
True
Is 7715 prime?
False
Is 1467551 a composite number?
True
Is 546123 prime?
False
Is 36317 prime?
False
Is 2999 prime?
True
Is 673 a prime number?
True
Is 2346797 composite?
True
Is 2903723 composite?
True
Is 98663 a prime number?
True
Is 2200486 composite